{"id":2529,"date":"2024-03-11T12:01:56","date_gmt":"2024-03-11T12:01:56","guid":{"rendered":"https:\/\/www.gruendach-technik.de\/wp4\/?page_id=2529"},"modified":"2024-08-22T21:15:45","modified_gmt":"2024-08-22T19:15:45","slug":"photovoltaik-dachbegruenungen","status":"publish","type":"page","link":"https:\/\/www.gruendach-technik.de\/gdt\/photovoltaik-dachbegruenungen\/","title":{"rendered":"Photovoltaik-Dachbegr\u00fcnungen"},"content":{"rendered":"\n[et_pb_section fb_built=&#8220;1&#8243; fullwidth=&#8220;on&#8220; _builder_version=&#8220;4.23.1&#8243; _module_preset=&#8220;default&#8220; global_colors_info=&#8220;{}&#8220;][et_pb_fullwidth_image src=&#8220;https:\/\/www.gruendach-technik.de\/gdt\/wp-content\/uploads\/2024\/03\/Incenter-Solar-600.jpg&#8220; title_text=&#8220;Incenter-Solar-600&#8243; _builder_version=&#8220;4.17.0&#8243; _module_preset=&#8220;default&#8220; hover_enabled=&#8220;0&#8243; global_colors_info=&#8220;{}&#8220; sticky_enabled=&#8220;0&#8243;][\/et_pb_fullwidth_image][\/et_pb_section][et_pb_section fb_built=&#8220;1&#8243; inner_shadow=&#8220;on&#8220; _builder_version=&#8220;4.23.1&#8243; _module_preset=&#8220;default&#8220; width=&#8220;100%&#8220; max_width=&#8220;100%&#8220; custom_margin=&#8220;0px|0px|0px|0px|false|false&#8220; custom_padding=&#8220;0px|0px|0px|0px|false|false&#8220; global_colors_info=&#8220;{}&#8220;][et_pb_row use_custom_gutter=&#8220;on&#8220; _builder_version=&#8220;4.23.1&#8243; _module_preset=&#8220;default&#8220; min_height=&#8220;100%&#8220; height=&#8220;100%&#8220; max_height=&#8220;100%&#8220; global_colors_info=&#8220;{}&#8220;][et_pb_column type=&#8220;4_4&#8243; _builder_version=&#8220;4.23.1&#8243; _module_preset=&#8220;default&#8220; global_colors_info=&#8220;{}&#8220;][et_pb_text _builder_version=&#8220;4.23.1&#8243; _module_preset=&#8220;default&#8220; header_font_size=&#8220;40px&#8220; custom_margin=&#8220;0px||-15px||false|false&#8220; header_text_shadow_style=&#8220;preset3&#8243; header_text_shadow_horizontal_length=&#8220;-0.02em&#8220; header_text_shadow_vertical_length=&#8220;0.09em&#8220; header_text_shadow_color=&#8220;rgba(0,0,0,0.37)&#8220; global_colors_info=&#8220;{}&#8220;]<div id=\"main_content\">\n<article class=\"entry post clearfix\">\n<h1><span style=\"color: #009640;\"><a style=\"color: #009640;\" href=\"https:\/\/www.gruendach-technik.de\/wp4\/extensive-dachbegruenungen\/\"><strong>Photovoltaik-Dachbegr\u00fcnungen<\/strong><\/a><\/span><strong><\/strong><\/h1>\n<\/article>\n<\/div>[\/et_pb_text][\/et_pb_column][\/et_pb_row][et_pb_row column_structure=&#8220;1_3,1_3,1_3&#8243; _builder_version=&#8220;4.23.1&#8243; _module_preset=&#8220;default&#8220; global_colors_info=&#8220;{}&#8220;][et_pb_column type=&#8220;1_3&#8243; _builder_version=&#8220;4.23.1&#8243; _module_preset=&#8220;default&#8220; global_colors_info=&#8220;{}&#8220;][et_pb_image src=&#8220;https:\/\/www.gruendach-technik.de\/gdt\/wp-content\/uploads\/2024\/03\/Solardachbegruenung-IMG_1959_2-800.jpg&#8220; title_text=&#8220;Solardachbegr\u00fcnung-IMG_1959_2-800&#8243; show_in_lightbox=&#8220;on&#8220; _builder_version=&#8220;4.17.0&#8243; _module_preset=&#8220;default&#8220; hover_enabled=&#8220;0&#8243; box_shadow_style=&#8220;preset1&#8243; global_colors_info=&#8220;{}&#8220; sticky_enabled=&#8220;0&#8243;][\/et_pb_image][et_pb_text _builder_version=&#8220;4.23.1&#8243; _module_preset=&#8220;default&#8220; global_colors_info=&#8220;{}&#8220;]<h2><strong>Ihr Partner f\u00fcr gr\u00fcne D\u00e4cher<\/strong><\/h2>\n<p>Die Integration von Dachbegr\u00fcnung bei Photovoltaik-Anlagen bietet zahlreiche Vorteile. Durch die Bepflanzung wird nicht nur die \u00e4sthetische Erscheinung verbessert, sondern auch die Leistungsf\u00e4higkeit der Solaranlage gesteigert. Die Pflanzen tragen zur K\u00fchlung der Module bei, was zu einer h\u00f6heren Effizienz f\u00fchrt. Zudem kann die Dachbegr\u00fcnung dazu beitragen, Regenwasser zur\u00fcckzuhalten und damit das Regenwassermanagement zu verbessern. Eine gut geplante Dachbegr\u00fcnung kann au\u00dferdem die Lebensdauer des Daches verl\u00e4ngern und zur Verbesserung des Mikroklimas beitragen. Insgesamt bietet die Kombination von Dachbegr\u00fcnung und Photovoltaik-Anlagen eine nachhaltige L\u00f6sung f\u00fcr Geb\u00e4ude.<\/p>\n<p>&nbsp;<\/p>\n<p><a href=\"https:\/\/www.gruendach-technik.de\/wp4\/kontakt\/\"><strong>Kontakt der Ansprechpartner&#8230;\u00bb<\/strong><\/a><\/p>\n<h4><span style=\"color: #000000;\"><strong><\/strong><\/span><\/h4>\n<h5><span style=\"color: #000000;\"><strong>GDT Gr\u00fcndach Technik GmbH S\u00fcdwest<br \/><\/strong><strong>GDT S\u00fcd Gr\u00fcndach Technik GmbH<\/strong><\/span><br \/><span style=\"color: #000000;\"><strong>GDT Gr\u00fcndach Pflege und Wartung GmbH<\/strong><\/span><br \/><span style=\"color: #4d4d4d;\"> Dammstra\u00dfe 4<\/span><br \/><span style=\"color: #4d4d4d;\"> 72669 Unterensingen<\/span><\/h5>\n<h5><span style=\"color: #4d4d4d;\">Telefon: 07022\/96320-0<\/span><br \/><span style=\"color: #4d4d4d;\"> E-Mail: <\/span><a href=\"mailto:gdt@gruendachtechnik.de\"><span style=\"color: #009640;\">gdt@gruendachtechnik.de<\/span><\/a><\/h5>[\/et_pb_text][\/et_pb_column][et_pb_column type=&#8220;1_3&#8243; _builder_version=&#8220;4.23.1&#8243; _module_preset=&#8220;default&#8220; global_colors_info=&#8220;{}&#8220;][et_pb_image src=&#8220;https:\/\/www.gruendach-technik.de\/gdt\/wp-content\/uploads\/2024\/03\/incenter_2033-800.jpg&#8220; title_text=&#8220;incenter_2033-800&#8243; show_in_lightbox=&#8220;on&#8220; force_fullwidth=&#8220;on&#8220; _builder_version=&#8220;4.17.0&#8243; _module_preset=&#8220;default&#8220; hover_enabled=&#8220;0&#8243; box_shadow_style=&#8220;preset1&#8243; global_colors_info=&#8220;{}&#8220; sticky_enabled=&#8220;0&#8243;][\/et_pb_image][et_pb_text _builder_version=&#8220;4.23.1&#8243; _module_preset=&#8220;default&#8220; global_colors_info=&#8220;{}&#8220;]<h2><strong>Kombination von Dachbegr\u00fcnung und Photovoltaik-Anlagen<\/strong><\/h2>\n<p><strong>Bei der Umsetzung sind folgende Punkte zu beachten:<\/strong><\/p>\n<ul>\n<li>Ein ausreichend gro\u00dfer Abstand zwischen Substratoberfl\u00e4che und Modulunterkante ist wichtig, idealerweise mindestens 30 cm.<\/li>\n<li>Niedrigw\u00fcchsige Pflanzen mit einer maximalen H\u00f6he von 15-20 cm und dichtem Wuchs sollten verwendet werden, um eine Beschattung der Solar-Module zu vermeiden.<\/li>\n<li>Eine geringe Substrath\u00f6he von etwa 5-8 cm im Bereich der Solar-Module kann das Wachstum h\u00f6herer Pflanzen begrenzen.<\/li>\n<li>Reihenabst\u00e4nde von mindestens 50-80 cm sind f\u00fcr die Pflege und Wartung erforderlich.<\/li>\n<li>Kabel m\u00fcssen so verlegt werden, dass eine Besch\u00e4digung der Begr\u00fcnung durch Maschinen vermieden wird.<\/li>\n<li>Die Anordnung der Absturzsicherung und ausreichender Abstand zum Dachrand sind zu ber\u00fccksichtigen.<\/li>\n<\/ul>[\/et_pb_text][\/et_pb_column][et_pb_column type=&#8220;1_3&#8243; _builder_version=&#8220;4.23.1&#8243; _module_preset=&#8220;default&#8220; global_colors_info=&#8220;{}&#8220;][et_pb_image src=&#8220;https:\/\/www.gruendach-technik.de\/gdt\/wp-content\/uploads\/2024\/03\/incenter-IMG_1972-800.jpg&#8220; title_text=&#8220;incenter-IMG_1972-800&#8243; show_in_lightbox=&#8220;on&#8220; _builder_version=&#8220;4.17.0&#8243; _module_preset=&#8220;default&#8220; hover_enabled=&#8220;0&#8243; border_width_top=&#8220;1px&#8220; box_shadow_style=&#8220;preset1&#8243; global_colors_info=&#8220;{}&#8220; sticky_enabled=&#8220;0&#8243;][\/et_pb_image][et_pb_text _builder_version=&#8220;4.23.1&#8243; _module_preset=&#8220;default&#8220; global_colors_info=&#8220;{}&#8220;]<h2><strong>Kompetente Beratung<\/strong><\/h2>\n<p>F\u00fcr weitere Informationen zur Planung einer Photovoltaik-Dachbegr\u00fcnung, Auswahl der Systemprodukte f\u00fcr den Schichtaufbau, Pflanzenauswahl, Kalkulation, Vorbereitung, Ausf\u00fchrung, Pflege und Wartung, steht Ihnen das Team von GDT Gr\u00fcndachtechnik gerne zur Verf\u00fcgung.<\/p>\n<p>Umfassende Informationen zu den Systemprodukten, die wir bei Retentions-Dachbegr\u00fcnung im Schichtaufbau verarbeiten, finden Sie unter dem Link unserer Lieferanten BAUDER, OPTIGR\u00dcN und ZinCo.<\/p>\n<p><a href=\"https:\/\/www.nutzedeindach.de\/photovoltaik\/extensiv\" target=\"_blank\" rel=\"noopener\"><img loading=\"lazy\" decoding=\"async\" src=\"https:\/\/www.gruendach-technik.de\/wp4\/wp-content\/uploads\/2024\/03\/bauder_214.jpg\" width=\"214\" height=\"42\" alt=\"\" class=\"wp-image-2755 alignnone size-full\" \/><\/a><br \/><a href=\"https:\/\/www.nutzedeindach.de\/photovoltaik\/extensiv\" target=\"_blank\" rel=\"noopener\" style=\"box-sizing: border-box; text-decoration: none; margin: 0px; padding: 0px; border: 0px; outline: 0px; font-size: 15px; text-size-adjust: 100%; vertical-align: baseline; background: #ffffff; color: #009640; font-family: Arial, Helvetica, Arial, Lucida, sans-serif; font-style: normal; font-variant-ligatures: normal; font-variant-caps: normal; font-weight: 500; letter-spacing: normal; orphans: 2; text-align: left; text-indent: 0px; text-transform: none; widows: 2; word-spacing: 0px; -webkit-text-stroke-width: 0px; white-space: normal;\"><span style=\"box-sizing: border-box; margin: 0px; padding: 0px; border: 0px; outline: 0px; font-size: 15px; text-size-adjust: 100%; vertical-align: baseline; background: transparent; color: #000000;\">Weitere Informationen \u00bb<\/span><\/a><\/p>\n<p><span style=\"box-sizing: border-box; margin: 0px; padding: 0px; border: 0px; outline: 0px; font-size: 15px; text-size-adjust: 100%; vertical-align: baseline; background: transparent; color: #000000;\"><\/span><\/p>\n<p><a href=\"https:\/\/www.optigruen.de\/systemloesungen\/solargruendach\/solar-fkd\" target=\"_blank\" rel=\"noopener\"><img loading=\"lazy\" decoding=\"async\" src=\"https:\/\/www.gruendach-technik.de\/wp4\/wp-content\/uploads\/2024\/03\/optigruen_214.jpg\" width=\"214\" height=\"45\" alt=\"\" class=\"wp-image-2754 alignnone size-full\" \/><\/a><br \/><a href=\"https:\/\/www.optigruen.de\/systemloesungen\/solargruendach\/solar-fkd\" target=\"_blank\" rel=\"noopener\" style=\"box-sizing: border-box; text-decoration: none; margin: 0px; padding: 0px; border: 0px; outline: 0px; font-size: 15px; text-size-adjust: 100%; vertical-align: baseline; background: #ffffff; color: #009640; font-family: Arial, Helvetica, Arial, Lucida, sans-serif; font-style: normal; font-variant-ligatures: normal; font-variant-caps: normal; font-weight: 500; letter-spacing: normal; orphans: 2; text-align: left; text-indent: 0px; text-transform: none; widows: 2; word-spacing: 0px; -webkit-text-stroke-width: 0px; white-space: normal;\"><span style=\"box-sizing: border-box; margin: 0px; padding: 0px; border: 0px; outline: 0px; font-size: 15px; text-size-adjust: 100%; vertical-align: baseline; background: transparent; color: #000000;\">Weitere Informationen \u00bb<\/span><\/a><\/p>\n<p><span style=\"box-sizing: border-box; margin: 0px; padding: 0px; border: 0px; outline: 0px; font-size: 15px; text-size-adjust: 100%; vertical-align: baseline; background: transparent; color: #000000;\"><\/span><\/p>\n<p><a href=\"https:\/\/www.zinco.de\/solar\" target=\"_blank\" rel=\"noopener\"><img loading=\"lazy\" decoding=\"async\" src=\"https:\/\/www.gruendach-technik.de\/wp4\/wp-content\/uploads\/2024\/03\/zinco_214.jpg\" width=\"214\" height=\"78\" alt=\"\" class=\"wp-image-2753 alignnone size-full\" \/><\/a><br \/><a href=\"https:\/\/www.zinco.de\/solar\" target=\"_blank\" rel=\"noopener\" style=\"box-sizing: border-box; text-decoration: none; margin: 0px; padding: 0px; border: 0px; outline: 0px; font-size: 15px; text-size-adjust: 100%; vertical-align: baseline; background: #ffffff; color: #009640; font-family: Arial, Helvetica, Arial, Lucida, sans-serif; font-style: normal; font-variant-ligatures: normal; font-variant-caps: normal; font-weight: 500; letter-spacing: normal; orphans: 2; text-align: left; text-indent: 0px; text-transform: none; widows: 2; word-spacing: 0px; -webkit-text-stroke-width: 0px; white-space: normal;\"><span style=\"box-sizing: border-box; margin: 0px; padding: 0px; border: 0px; outline: 0px; font-size: 15px; text-size-adjust: 100%; vertical-align: baseline; background: transparent; color: #000000;\">Weitere Informationen \u00bb<\/span><\/a><\/p>[\/et_pb_text][\/et_pb_column][\/et_pb_row][et_pb_row column_structure=&#8220;1_3,1_3,1_3&#8243; _builder_version=&#8220;4.23.1&#8243; _module_preset=&#8220;default&#8220; global_colors_info=&#8220;{}&#8220;][et_pb_column type=&#8220;1_3&#8243; _builder_version=&#8220;4.23.1&#8243; _module_preset=&#8220;default&#8220; global_colors_info=&#8220;{}&#8220;][et_pb_image src=&#8220;https:\/\/www.gruendach-technik.de\/gdt\/wp-content\/uploads\/2024\/03\/POZ-DSC02388-800.jpg&#8220; title_text=&#8220;POZ-DSC02388-800&#8243; show_in_lightbox=&#8220;on&#8220; _builder_version=&#8220;4.17.0&#8243; _module_preset=&#8220;default&#8220; hover_enabled=&#8220;0&#8243; box_shadow_style=&#8220;preset1&#8243; global_colors_info=&#8220;{}&#8220; sticky_enabled=&#8220;0&#8243;][\/et_pb_image][\/et_pb_column][et_pb_column type=&#8220;1_3&#8243; _builder_version=&#8220;4.23.1&#8243; _module_preset=&#8220;default&#8220; global_colors_info=&#8220;{}&#8220;][et_pb_image src=&#8220;https:\/\/www.gruendach-technik.de\/gdt\/wp-content\/uploads\/2024\/03\/Abstatt-Bosch-1-800.jpg&#8220; title_text=&#8220;Abstatt-Bosch-1-800&#8243; show_in_lightbox=&#8220;on&#8220; _builder_version=&#8220;4.17.0&#8243; _module_preset=&#8220;default&#8220; hover_enabled=&#8220;0&#8243; box_shadow_style=&#8220;preset1&#8243; global_colors_info=&#8220;{}&#8220; sticky_enabled=&#8220;0&#8243;][\/et_pb_image][\/et_pb_column][et_pb_column type=&#8220;1_3&#8243; _builder_version=&#8220;4.23.1&#8243; _module_preset=&#8220;default&#8220; global_colors_info=&#8220;{}&#8220;][et_pb_image src=&#8220;https:\/\/www.gruendach-technik.de\/gdt\/wp-content\/uploads\/2024\/03\/Intensive-Dachgegruenung-mit-Plattenwegen-09_27962-800.jpg&#8220; title_text=&#8220;Intensive-Dachgegr\u00fcnung-mit-Plattenwegen-09_27962-800&#8243; show_in_lightbox=&#8220;on&#8220; _builder_version=&#8220;4.17.0&#8243; _module_preset=&#8220;default&#8220; hover_enabled=&#8220;0&#8243; border_width_top=&#8220;1px&#8220; box_shadow_style=&#8220;preset1&#8243; global_colors_info=&#8220;{}&#8220; sticky_enabled=&#8220;0&#8243;][\/et_pb_image][\/et_pb_column][\/et_pb_row][\/et_pb_section]\n","protected":false},"excerpt":{"rendered":"<p>Photovoltaik-Dachbegr\u00fcnungen Ihr Partner f\u00fcr gr\u00fcne D\u00e4cher Die Integration von Dachbegr\u00fcnung bei Photovoltaik-Anlagen bietet zahlreiche Vorteile. Durch die Bepflanzung wird nicht nur die \u00e4sthetische Erscheinung verbessert, sondern auch die Leistungsf\u00e4higkeit der Solaranlage gesteigert. Die Pflanzen tragen zur K\u00fchlung der Module bei, was zu einer h\u00f6heren Effizienz f\u00fchrt. Zudem kann die Dachbegr\u00fcnung dazu beitragen, Regenwasser zur\u00fcckzuhalten und [&hellip;]<\/p>\n","protected":false},"author":1,"featured_media":2535,"parent":0,"menu_order":0,"comment_status":"closed","ping_status":"closed","template":"","meta":{"_et_pb_use_builder":"on","_et_pb_old_content":"","_et_gb_content_width":"","footnotes":""},"class_list":["post-2529","page","type-page","status-publish","has-post-thumbnail","hentry"],"yoast_head":"<!-- This site is optimized with the Yoast SEO Premium plugin v22.1 (Yoast SEO v22.1) - https:\/\/yoast.com\/wordpress\/plugins\/seo\/ -->\n<title>Kombination von Dachbegr\u00fcnung und Photovoltaik-Anlagen<\/title>\n<meta name=\"description\" content=\"Dachbegr\u00fcnungen bei Photovoltaik-Anlagen f\u00fcr \u00e4sthetische Erscheinung und Verbesserung der Leistungsf\u00e4higkeit der Solaranlage.\" \/>\n<meta name=\"robots\" content=\"index, follow, max-snippet:-1, max-image-preview:large, max-video-preview:-1\" \/>\n<link rel=\"canonical\" href=\"https:\/\/www.gruendach-technik.de\/gdt\/photovoltaik-dachbegruenungen\/\" \/>\n<meta property=\"og:locale\" content=\"de_DE\" \/>\n<meta property=\"og:type\" content=\"article\" \/>\n<meta property=\"og:title\" content=\"Photovoltaik-Dachbegr\u00fcnungen\" \/>\n<meta property=\"og:description\" content=\"Dachbegr\u00fcnungen bei Photovoltaik-Anlagen f\u00fcr \u00e4sthetische Erscheinung und Verbesserung der Leistungsf\u00e4higkeit der Solaranlage.\" \/>\n<meta property=\"og:url\" content=\"https:\/\/www.gruendach-technik.de\/gdt\/photovoltaik-dachbegruenungen\/\" \/>\n<meta property=\"og:site_name\" content=\"GDT Gr\u00fcndachtechnik GmbH\" \/>\n<meta property=\"article:modified_time\" content=\"2024-08-22T19:15:45+00:00\" \/>\n<meta property=\"og:image\" content=\"https:\/\/www.gruendach-technik.de\/gdt\/wp-content\/uploads\/2024\/03\/incenter_2033-800.jpg\" \/>\n\t<meta property=\"og:image:width\" content=\"1200\" \/>\n\t<meta property=\"og:image:height\" content=\"800\" \/>\n\t<meta property=\"og:image:type\" content=\"image\/jpeg\" \/>\n<meta name=\"twitter:card\" content=\"summary_large_image\" \/>\n<meta name=\"twitter:label1\" content=\"Gesch\u00e4tzte Lesezeit\" \/>\n\t<meta name=\"twitter:data1\" content=\"4\u00a0Minuten\" \/>\n<script type=\"application\/ld+json\" class=\"yoast-schema-graph\">{\"@context\":\"https:\/\/schema.org\",\"@graph\":[{\"@type\":\"WebPage\",\"@id\":\"https:\/\/www.gruendach-technik.de\/gdt\/photovoltaik-dachbegruenungen\/\",\"url\":\"https:\/\/www.gruendach-technik.de\/gdt\/photovoltaik-dachbegruenungen\/\",\"name\":\"Kombination von Dachbegr\u00fcnung und Photovoltaik-Anlagen\",\"isPartOf\":{\"@id\":\"https:\/\/www.gruendach-technik.de\/gdt\/#website\"},\"datePublished\":\"2024-03-11T12:01:56+00:00\",\"dateModified\":\"2024-08-22T19:15:45+00:00\",\"description\":\"Dachbegr\u00fcnungen bei Photovoltaik-Anlagen f\u00fcr \u00e4sthetische Erscheinung und Verbesserung der Leistungsf\u00e4higkeit der Solaranlage.\",\"breadcrumb\":{\"@id\":\"https:\/\/www.gruendach-technik.de\/gdt\/photovoltaik-dachbegruenungen\/#breadcrumb\"},\"inLanguage\":\"de\",\"potentialAction\":[{\"@type\":\"ReadAction\",\"target\":[\"https:\/\/www.gruendach-technik.de\/gdt\/photovoltaik-dachbegruenungen\/\"]}]},{\"@type\":\"BreadcrumbList\",\"@id\":\"https:\/\/www.gruendach-technik.de\/gdt\/photovoltaik-dachbegruenungen\/#breadcrumb\",\"itemListElement\":[{\"@type\":\"ListItem\",\"position\":1,\"name\":\"Startseite\",\"item\":\"https:\/\/www.gruendach-technik.de\/gdt\/\"},{\"@type\":\"ListItem\",\"position\":2,\"name\":\"Photovoltaik-Dachbegr\u00fcnungen\"}]},{\"@type\":\"WebSite\",\"@id\":\"https:\/\/www.gruendach-technik.de\/gdt\/#website\",\"url\":\"https:\/\/www.gruendach-technik.de\/gdt\/\",\"name\":\"GDT Gr\u00fcndachtechnik GmbH\",\"description\":\"Dachbegr\u00fcnungen, Ihr Partner f\u00fcr gr\u00fcne D\u00e4cher\",\"publisher\":{\"@id\":\"https:\/\/www.gruendach-technik.de\/gdt\/#organization\"},\"alternateName\":\"GDT - Ihr Partner f\u00fcr gr\u00fcne D\u00e4cher\",\"potentialAction\":[{\"@type\":\"SearchAction\",\"target\":{\"@type\":\"EntryPoint\",\"urlTemplate\":\"https:\/\/www.gruendach-technik.de\/gdt\/?s={search_term_string}\"},\"query-input\":\"required name=search_term_string\"}],\"inLanguage\":\"de\"},{\"@type\":\"Organization\",\"@id\":\"https:\/\/www.gruendach-technik.de\/gdt\/#organization\",\"name\":\"GDT Gr\u00fcndachtechnik GmbH\",\"url\":\"https:\/\/www.gruendach-technik.de\/gdt\/\",\"logo\":{\"@type\":\"ImageObject\",\"inLanguage\":\"de\",\"@id\":\"https:\/\/www.gruendach-technik.de\/gdt\/#\/schema\/logo\/image\/\",\"url\":\"https:\/\/www.gruendach-technik.de\/gdt\/wp-content\/uploads\/2024\/01\/GDT-Gruendachtechnik-Ihr-Partner-fuer-gruene-Daecher_3.jpg\",\"contentUrl\":\"https:\/\/www.gruendach-technik.de\/gdt\/wp-content\/uploads\/2024\/01\/GDT-Gruendachtechnik-Ihr-Partner-fuer-gruene-Daecher_3.jpg\",\"width\":1230,\"height\":506,\"caption\":\"GDT Gr\u00fcndachtechnik GmbH\"},\"image\":{\"@id\":\"https:\/\/www.gruendach-technik.de\/gdt\/#\/schema\/logo\/image\/\"}}]}<\/script>\n<!-- \/ Yoast SEO Premium plugin. -->","yoast_head_json":{"title":"Kombination von Dachbegr\u00fcnung und Photovoltaik-Anlagen","description":"Dachbegr\u00fcnungen bei Photovoltaik-Anlagen f\u00fcr \u00e4sthetische Erscheinung und Verbesserung der Leistungsf\u00e4higkeit der Solaranlage.","robots":{"index":"index","follow":"follow","max-snippet":"max-snippet:-1","max-image-preview":"max-image-preview:large","max-video-preview":"max-video-preview:-1"},"canonical":"https:\/\/www.gruendach-technik.de\/gdt\/photovoltaik-dachbegruenungen\/","og_locale":"de_DE","og_type":"article","og_title":"Photovoltaik-Dachbegr\u00fcnungen","og_description":"Dachbegr\u00fcnungen bei Photovoltaik-Anlagen f\u00fcr \u00e4sthetische Erscheinung und Verbesserung der Leistungsf\u00e4higkeit der Solaranlage.","og_url":"https:\/\/www.gruendach-technik.de\/gdt\/photovoltaik-dachbegruenungen\/","og_site_name":"GDT Gr\u00fcndachtechnik GmbH","article_modified_time":"2024-08-22T19:15:45+00:00","og_image":[{"width":1200,"height":800,"url":"https:\/\/www.gruendach-technik.de\/gdt\/wp-content\/uploads\/2024\/03\/incenter_2033-800.jpg","type":"image\/jpeg"}],"twitter_card":"summary_large_image","twitter_misc":{"Gesch\u00e4tzte Lesezeit":"4\u00a0Minuten"},"schema":{"@context":"https:\/\/schema.org","@graph":[{"@type":"WebPage","@id":"https:\/\/www.gruendach-technik.de\/gdt\/photovoltaik-dachbegruenungen\/","url":"https:\/\/www.gruendach-technik.de\/gdt\/photovoltaik-dachbegruenungen\/","name":"Kombination von Dachbegr\u00fcnung und Photovoltaik-Anlagen","isPartOf":{"@id":"https:\/\/www.gruendach-technik.de\/gdt\/#website"},"datePublished":"2024-03-11T12:01:56+00:00","dateModified":"2024-08-22T19:15:45+00:00","description":"Dachbegr\u00fcnungen bei Photovoltaik-Anlagen f\u00fcr \u00e4sthetische Erscheinung und Verbesserung der Leistungsf\u00e4higkeit der Solaranlage.","breadcrumb":{"@id":"https:\/\/www.gruendach-technik.de\/gdt\/photovoltaik-dachbegruenungen\/#breadcrumb"},"inLanguage":"de","potentialAction":[{"@type":"ReadAction","target":["https:\/\/www.gruendach-technik.de\/gdt\/photovoltaik-dachbegruenungen\/"]}]},{"@type":"BreadcrumbList","@id":"https:\/\/www.gruendach-technik.de\/gdt\/photovoltaik-dachbegruenungen\/#breadcrumb","itemListElement":[{"@type":"ListItem","position":1,"name":"Startseite","item":"https:\/\/www.gruendach-technik.de\/gdt\/"},{"@type":"ListItem","position":2,"name":"Photovoltaik-Dachbegr\u00fcnungen"}]},{"@type":"WebSite","@id":"https:\/\/www.gruendach-technik.de\/gdt\/#website","url":"https:\/\/www.gruendach-technik.de\/gdt\/","name":"GDT Gr\u00fcndachtechnik GmbH","description":"Dachbegr\u00fcnungen, Ihr Partner f\u00fcr gr\u00fcne D\u00e4cher","publisher":{"@id":"https:\/\/www.gruendach-technik.de\/gdt\/#organization"},"alternateName":"GDT - Ihr Partner f\u00fcr gr\u00fcne D\u00e4cher","potentialAction":[{"@type":"SearchAction","target":{"@type":"EntryPoint","urlTemplate":"https:\/\/www.gruendach-technik.de\/gdt\/?s={search_term_string}"},"query-input":"required name=search_term_string"}],"inLanguage":"de"},{"@type":"Organization","@id":"https:\/\/www.gruendach-technik.de\/gdt\/#organization","name":"GDT Gr\u00fcndachtechnik GmbH","url":"https:\/\/www.gruendach-technik.de\/gdt\/","logo":{"@type":"ImageObject","inLanguage":"de","@id":"https:\/\/www.gruendach-technik.de\/gdt\/#\/schema\/logo\/image\/","url":"https:\/\/www.gruendach-technik.de\/gdt\/wp-content\/uploads\/2024\/01\/GDT-Gruendachtechnik-Ihr-Partner-fuer-gruene-Daecher_3.jpg","contentUrl":"https:\/\/www.gruendach-technik.de\/gdt\/wp-content\/uploads\/2024\/01\/GDT-Gruendachtechnik-Ihr-Partner-fuer-gruene-Daecher_3.jpg","width":1230,"height":506,"caption":"GDT Gr\u00fcndachtechnik GmbH"},"image":{"@id":"https:\/\/www.gruendach-technik.de\/gdt\/#\/schema\/logo\/image\/"}}]}},"_links":{"self":[{"href":"https:\/\/www.gruendach-technik.de\/gdt\/wp-json\/wp\/v2\/pages\/2529","targetHints":{"allow":["GET"]}}],"collection":[{"href":"https:\/\/www.gruendach-technik.de\/gdt\/wp-json\/wp\/v2\/pages"}],"about":[{"href":"https:\/\/www.gruendach-technik.de\/gdt\/wp-json\/wp\/v2\/types\/page"}],"author":[{"embeddable":true,"href":"https:\/\/www.gruendach-technik.de\/gdt\/wp-json\/wp\/v2\/users\/1"}],"replies":[{"embeddable":true,"href":"https:\/\/www.gruendach-technik.de\/gdt\/wp-json\/wp\/v2\/comments?post=2529"}],"version-history":[{"count":2,"href":"https:\/\/www.gruendach-technik.de\/gdt\/wp-json\/wp\/v2\/pages\/2529\/revisions"}],"predecessor-version":[{"id":2973,"href":"https:\/\/www.gruendach-technik.de\/gdt\/wp-json\/wp\/v2\/pages\/2529\/revisions\/2973"}],"wp:featuredmedia":[{"embeddable":true,"href":"https:\/\/www.gruendach-technik.de\/gdt\/wp-json\/wp\/v2\/media\/2535"}],"wp:attachment":[{"href":"https:\/\/www.gruendach-technik.de\/gdt\/wp-json\/wp\/v2\/media?parent=2529"}],"curies":[{"name":"wp","href":"https:\/\/api.w.org\/{rel}","templated":true}]}}