{"id":2483,"date":"2024-03-10T21:07:42","date_gmt":"2024-03-10T21:07:42","guid":{"rendered":"https:\/\/www.gruendach-technik.de\/wp4\/?page_id=2483"},"modified":"2024-07-15T16:57:24","modified_gmt":"2024-07-15T14:57:24","slug":"retentions-dachbegruenungen","status":"publish","type":"page","link":"https:\/\/www.gruendach-technik.de\/gdt\/retentions-dachbegruenungen\/","title":{"rendered":"Retentions-Dachbegr\u00fcnungen"},"content":{"rendered":"<p>[et_pb_section fb_built=&#8220;1&#8243; fullwidth=&#8220;on&#8220; _builder_version=&#8220;4.23.1&#8243; _module_preset=&#8220;default&#8220; global_colors_info=&#8220;{}&#8220;][et_pb_fullwidth_image src=&#8220;https:\/\/www.gruendach-technik.de\/gdt\/wp-content\/uploads\/2024\/03\/20210604_101007-GDT-Firmendach-600.jpg&#8220; title_text=&#8220;20210604_101007-GDT-Firmendach-600&#8243; _builder_version=&#8220;4.17.0&#8243; _module_preset=&#8220;default&#8220; hover_enabled=&#8220;0&#8243; box_shadow_style=&#8220;preset6&#8243; global_colors_info=&#8220;{}&#8220; sticky_enabled=&#8220;0&#8243;][\/et_pb_fullwidth_image][\/et_pb_section][et_pb_section fb_built=&#8220;1&#8243; inner_shadow=&#8220;on&#8220; _builder_version=&#8220;4.23.1&#8243; _module_preset=&#8220;default&#8220; width=&#8220;100%&#8220; max_width=&#8220;100%&#8220; custom_margin=&#8220;0px|0px|0px|0px|false|false&#8220; custom_padding=&#8220;0px|0px|0px|0px|false|false&#8220; global_colors_info=&#8220;{}&#8220;][et_pb_row use_custom_gutter=&#8220;on&#8220; _builder_version=&#8220;4.23.1&#8243; _module_preset=&#8220;default&#8220; min_height=&#8220;100%&#8220; height=&#8220;100%&#8220; max_height=&#8220;100%&#8220; global_colors_info=&#8220;{}&#8220;][et_pb_column type=&#8220;4_4&#8243; _builder_version=&#8220;4.23.1&#8243; _module_preset=&#8220;default&#8220; global_colors_info=&#8220;{}&#8220;][et_pb_text _builder_version=&#8220;4.23.1&#8243; _module_preset=&#8220;default&#8220; header_font_size=&#8220;40px&#8220; custom_margin=&#8220;0px||-15px||false|false&#8220; header_text_shadow_style=&#8220;preset3&#8243; header_text_shadow_horizontal_length=&#8220;-0.02em&#8220; header_text_shadow_vertical_length=&#8220;0.09em&#8220; header_text_shadow_color=&#8220;rgba(0,0,0,0.37)&#8220; global_colors_info=&#8220;{}&#8220;]<\/p>\n<div id=\"main_content\">\n<article class=\"entry post clearfix\">\n<h1><strong>Retentions-Dachbegr\u00fcnung<\/strong><\/h1>\n<\/article>\n<\/div>\n<p>[\/et_pb_text][\/et_pb_column][\/et_pb_row][et_pb_row column_structure=&#8220;1_3,1_3,1_3&#8243; _builder_version=&#8220;4.23.1&#8243; _module_preset=&#8220;default&#8220; global_colors_info=&#8220;{}&#8220;][et_pb_column type=&#8220;1_3&#8243; _builder_version=&#8220;4.23.1&#8243; _module_preset=&#8220;default&#8220; global_colors_info=&#8220;{}&#8220;][et_pb_image src=&#8220;https:\/\/www.gruendach-technik.de\/gdt\/wp-content\/uploads\/2024\/03\/Allensbach-3-800.jpg&#8220; title_text=&#8220;Allensbach-3-800&#8243; show_in_lightbox=&#8220;on&#8220; _builder_version=&#8220;4.17.0&#8243; _module_preset=&#8220;default&#8220; hover_enabled=&#8220;0&#8243; box_shadow_style=&#8220;preset1&#8243; global_colors_info=&#8220;{}&#8220; sticky_enabled=&#8220;0&#8243;][\/et_pb_image][et_pb_text _builder_version=&#8220;4.23.1&#8243; _module_preset=&#8220;default&#8220; global_colors_info=&#8220;{}&#8220;]<\/p>\n<p>Der tempor\u00e4re Wasserspeicher ist bei einer Rententions-Dachbegr\u00fcnung von entscheidender Bedeutung. Insbesondere in st\u00e4dtischen Gebieten stehen wir vor den Herausforderungen der pl\u00f6tzlichen Wassermassen bei Starkregen einerseits und extreme Hitze sowie Trockenheit andererseits. Die Rententions-Dachbegr\u00fcnung bietet durch ihren Schichtaufbau eine ausgezeichnete M\u00f6glichkeit, Wasser vor\u00fcbergehend aufzufangen und zwischenzuspeichern. Gr\u00fcne D\u00e4cher k\u00f6nnen nicht nur die Versiegelung reduzieren, sondern auch zur Regulierung des Wasserhaushalts beitragen und das st\u00e4dtische Mikroklima verbessern.<\/p>\n<p>[\/et_pb_text][\/et_pb_column][et_pb_column type=&#8220;1_3&#8243; _builder_version=&#8220;4.23.1&#8243; _module_preset=&#8220;default&#8220; global_colors_info=&#8220;{}&#8220;][et_pb_image src=&#8220;https:\/\/www.gruendach-technik.de\/gdt\/wp-content\/uploads\/2024\/03\/Stuttgart_025-800.jpg&#8220; title_text=&#8220;Stuttgart_025-800&#8243; show_in_lightbox=&#8220;on&#8220; force_fullwidth=&#8220;on&#8220; _builder_version=&#8220;4.17.0&#8243; _module_preset=&#8220;default&#8220; hover_enabled=&#8220;0&#8243; box_shadow_style=&#8220;preset1&#8243; global_colors_info=&#8220;{}&#8220; sticky_enabled=&#8220;0&#8243;][\/et_pb_image][et_pb_text _builder_version=&#8220;4.23.1&#8243; _module_preset=&#8220;default&#8220; global_colors_info=&#8220;{}&#8220;]<\/p>\n<p>Der Gr\u00fcndach-Aufbau f\u00fcr D\u00e4cher mit beh\u00f6rdlichen Vorgaben hinsichtlich der Abflussverz\u00f6gerungen, f\u00fcr Dachkonstruktionen mit normaler, mittlerer, erh\u00f6hter oder hoher Traglast. Das Fl\u00e4chengewicht des gesamten Aufbaus in wasserges\u00e4ttigtem Zustand liegt je nach System zwischen 100 und 270 kg\/m\u00b2.<br \/>Der GDT Rententions-Dachgegr\u00fcnungs-Systemaufbau ist ein bew\u00e4hrter Schichtaufbau, der ein schnelles fl\u00e4chendeckendes Gr\u00fcn mit Langzeitwirkung auf dem Dach gew\u00e4hrleistet.<\/p>\n<p>[\/et_pb_text][\/et_pb_column][et_pb_column type=&#8220;1_3&#8243; _builder_version=&#8220;4.23.1&#8243; _module_preset=&#8220;default&#8220; global_colors_info=&#8220;{}&#8220;][et_pb_image src=&#8220;https:\/\/www.gruendach-technik.de\/gdt\/wp-content\/uploads\/2024\/03\/POZ-DSC02462-800.jpg&#8220; title_text=&#8220;POZ-DSC02462-800&#8243; show_in_lightbox=&#8220;on&#8220; _builder_version=&#8220;4.17.0&#8243; _module_preset=&#8220;default&#8220; hover_enabled=&#8220;0&#8243; border_width_top=&#8220;1px&#8220; box_shadow_style=&#8220;preset1&#8243; global_colors_info=&#8220;{}&#8220; sticky_enabled=&#8220;0&#8243;][\/et_pb_image][et_pb_text _builder_version=&#8220;4.23.1&#8243; _module_preset=&#8220;default&#8220; global_colors_info=&#8220;{}&#8220;]<\/p>\n<p>Umfassende Informationen zu den Systemprodukten, die wir bei Retentions-Dachbegr\u00fcnung im Schichtaufbau verarbeiten, finden Sie unter dem Link unserer Lieferanten BAUDER, OPTIGR\u00dcN und ZinCo.<\/p>\n<p><a href=\"https:\/\/www.bauder.de\/de\/bauder-gruendach\/systeme\/baudergreen-retentionsdach.html\" target=\"_blank\" rel=\"noopener\"><img loading=\"lazy\" decoding=\"async\" src=\"https:\/\/www.gruendach-technik.de\/wp4\/wp-content\/uploads\/2024\/03\/bauder_214.jpg\" width=\"214\" height=\"42\" alt=\"\" class=\"wp-image-2755 alignnone size-full\" \/><\/a><br \/><a href=\"https:\/\/www.bauder.de\/de\/bauder-gruendach\/systeme\/baudergreen-retentionsdach.html\" title=\"Bauder\" target=\"_blank\" rel=\"noopener\"><span style=\"color: #000000;\">Weitere Informationen \u00bb<\/span><\/a><\/p>\n<p><a href=\"https:\/\/www.optigruen.de\/systemloesungen\/retentionsdach\/uebersicht-retentionsdach\" target=\"_blank\" rel=\"noopener\"><img loading=\"lazy\" decoding=\"async\" src=\"https:\/\/www.gruendach-technik.de\/wp4\/wp-content\/uploads\/2024\/03\/optigruen_214.jpg\" width=\"214\" height=\"45\" alt=\"\" class=\"wp-image-2754 alignnone size-full\" \/><\/a><br \/><a href=\"https:\/\/www.optigruen.de\/systemloesungen\/retentionsdach\/uebersicht-retentionsdach\" title=\"Bauder\" target=\"_blank\" rel=\"noopener\"><span style=\"color: #000000;\">Weitere Informationen \u00bb<\/span><\/a><\/p>\n<p><a href=\"https:\/\/www.zinco.de\/systeme\/retentions-gruendach\" target=\"_blank\" rel=\"noopener\"><img loading=\"lazy\" decoding=\"async\" src=\"https:\/\/www.gruendach-technik.de\/wp4\/wp-content\/uploads\/2024\/03\/zinco_214.jpg\" width=\"214\" height=\"78\" alt=\"\" class=\"wp-image-2753 alignnone size-full\" \/><\/a><br \/><a href=\"https:\/\/www.zinco.de\/systeme\/retentions-gruendach\" title=\"Bauder\" target=\"_blank\" rel=\"noopener\"><span style=\"color: #000000;\">Weitere Informationen \u00bb<\/span><\/a><\/p>\n<p>[\/et_pb_text][\/et_pb_column][\/et_pb_row][et_pb_row column_structure=&#8220;1_3,1_3,1_3&#8243; _builder_version=&#8220;4.23.1&#8243; _module_preset=&#8220;default&#8220; global_colors_info=&#8220;{}&#8220;][et_pb_column type=&#8220;1_3&#8243; _builder_version=&#8220;4.23.1&#8243; _module_preset=&#8220;default&#8220; global_colors_info=&#8220;{}&#8220;][et_pb_image src=&#8220;https:\/\/www.gruendach-technik.de\/gdt\/wp-content\/uploads\/2024\/03\/Abstatt-Bosch-5-800.jpg&#8220; title_text=&#8220;Abstatt-Bosch-5-800&#8243; show_in_lightbox=&#8220;on&#8220; _builder_version=&#8220;4.17.0&#8243; _module_preset=&#8220;default&#8220; hover_enabled=&#8220;0&#8243; box_shadow_style=&#8220;preset1&#8243; global_colors_info=&#8220;{}&#8220; sticky_enabled=&#8220;0&#8243;][\/et_pb_image][\/et_pb_column][et_pb_column type=&#8220;1_3&#8243; _builder_version=&#8220;4.23.1&#8243; _module_preset=&#8220;default&#8220; global_colors_info=&#8220;{}&#8220;][et_pb_image src=&#8220;https:\/\/www.gruendach-technik.de\/gdt\/wp-content\/uploads\/2024\/03\/Abstatt-Bosch-1-800.jpg&#8220; title_text=&#8220;Abstatt-Bosch-1-800&#8243; show_in_lightbox=&#8220;on&#8220; _builder_version=&#8220;4.17.0&#8243; _module_preset=&#8220;default&#8220; hover_enabled=&#8220;0&#8243; box_shadow_style=&#8220;preset1&#8243; global_colors_info=&#8220;{}&#8220; sticky_enabled=&#8220;0&#8243;][\/et_pb_image][\/et_pb_column][et_pb_column type=&#8220;1_3&#8243; _builder_version=&#8220;4.23.1&#8243; _module_preset=&#8220;default&#8220; global_colors_info=&#8220;{}&#8220;][et_pb_image src=&#8220;https:\/\/www.gruendach-technik.de\/gdt\/wp-content\/uploads\/2024\/03\/Kirchheim-GODruck7_800.jpg&#8220; title_text=&#8220;Kirchheim-GODruck7_800&#8243; show_in_lightbox=&#8220;on&#8220; _builder_version=&#8220;4.17.0&#8243; _module_preset=&#8220;default&#8220; hover_enabled=&#8220;0&#8243; border_width_top=&#8220;1px&#8220; box_shadow_style=&#8220;preset1&#8243; global_colors_info=&#8220;{}&#8220; sticky_enabled=&#8220;0&#8243;][\/et_pb_image][\/et_pb_column][\/et_pb_row][\/et_pb_section]<\/p>\n","protected":false},"excerpt":{"rendered":"<p>Retentions-Dachbegr\u00fcnung Der tempor\u00e4re Wasserspeicher ist bei einer Rententions-Dachbegr\u00fcnung von entscheidender Bedeutung. Insbesondere in st\u00e4dtischen Gebieten stehen wir vor den Herausforderungen der pl\u00f6tzlichen Wassermassen bei Starkregen einerseits und extreme Hitze sowie Trockenheit andererseits. Die Rententions-Dachbegr\u00fcnung bietet durch ihren Schichtaufbau eine ausgezeichnete M\u00f6glichkeit, Wasser vor\u00fcbergehend aufzufangen und zwischenzuspeichern. Gr\u00fcne D\u00e4cher k\u00f6nnen nicht nur die Versiegelung reduzieren, sondern [&hellip;]<\/p>\n","protected":false},"author":1,"featured_media":0,"parent":0,"menu_order":0,"comment_status":"closed","ping_status":"closed","template":"","meta":{"_et_pb_use_builder":"on","_et_pb_old_content":"","_et_gb_content_width":"","footnotes":""},"class_list":["post-2483","page","type-page","status-publish","hentry"],"yoast_head":"<!-- This site is optimized with the Yoast SEO Premium plugin v22.1 (Yoast SEO v22.1) - https:\/\/yoast.com\/wordpress\/plugins\/seo\/ -->\n<title>Retentions-Dachbegr\u00fcnungen - GDT Gr\u00fcndachtechnik GmbH<\/title>\n<meta name=\"robots\" content=\"index, follow, max-snippet:-1, max-image-preview:large, max-video-preview:-1\" \/>\n<link rel=\"canonical\" href=\"https:\/\/www.gruendach-technik.de\/gdt\/retentions-dachbegruenungen\/\" \/>\n<meta property=\"og:locale\" content=\"de_DE\" \/>\n<meta property=\"og:type\" content=\"article\" \/>\n<meta property=\"og:title\" content=\"Retentions-Dachbegr\u00fcnungen\" \/>\n<meta property=\"og:description\" content=\"Retentions-Dachbegr\u00fcnung Der tempor\u00e4re Wasserspeicher ist bei einer Rententions-Dachbegr\u00fcnung von entscheidender Bedeutung. Insbesondere in st\u00e4dtischen Gebieten stehen wir vor den Herausforderungen der pl\u00f6tzlichen Wassermassen bei Starkregen einerseits und extreme Hitze sowie Trockenheit andererseits. Die Rententions-Dachbegr\u00fcnung bietet durch ihren Schichtaufbau eine ausgezeichnete M\u00f6glichkeit, Wasser vor\u00fcbergehend aufzufangen und zwischenzuspeichern. Gr\u00fcne D\u00e4cher k\u00f6nnen nicht nur die Versiegelung reduzieren, sondern [&hellip;]\" \/>\n<meta property=\"og:url\" content=\"https:\/\/www.gruendach-technik.de\/gdt\/retentions-dachbegruenungen\/\" \/>\n<meta property=\"og:site_name\" content=\"GDT Gr\u00fcndachtechnik GmbH\" \/>\n<meta property=\"article:modified_time\" content=\"2024-07-15T14:57:24+00:00\" \/>\n<meta property=\"og:image\" content=\"https:\/\/www.gruendach-technik.de\/wp4\/wp-content\/uploads\/2024\/03\/bauder_214.jpg\" \/>\n<meta name=\"twitter:card\" content=\"summary_large_image\" \/>\n<meta name=\"twitter:label1\" content=\"Gesch\u00e4tzte Lesezeit\" \/>\n\t<meta name=\"twitter:data1\" content=\"4\u00a0Minuten\" \/>\n<script type=\"application\/ld+json\" class=\"yoast-schema-graph\">{\"@context\":\"https:\/\/schema.org\",\"@graph\":[{\"@type\":\"WebPage\",\"@id\":\"https:\/\/www.gruendach-technik.de\/gdt\/retentions-dachbegruenungen\/\",\"url\":\"https:\/\/www.gruendach-technik.de\/gdt\/retentions-dachbegruenungen\/\",\"name\":\"Retentions-Dachbegr\u00fcnungen - GDT Gr\u00fcndachtechnik GmbH\",\"isPartOf\":{\"@id\":\"https:\/\/www.gruendach-technik.de\/gdt\/#website\"},\"datePublished\":\"2024-03-10T21:07:42+00:00\",\"dateModified\":\"2024-07-15T14:57:24+00:00\",\"breadcrumb\":{\"@id\":\"https:\/\/www.gruendach-technik.de\/gdt\/retentions-dachbegruenungen\/#breadcrumb\"},\"inLanguage\":\"de\",\"potentialAction\":[{\"@type\":\"ReadAction\",\"target\":[\"https:\/\/www.gruendach-technik.de\/gdt\/retentions-dachbegruenungen\/\"]}]},{\"@type\":\"BreadcrumbList\",\"@id\":\"https:\/\/www.gruendach-technik.de\/gdt\/retentions-dachbegruenungen\/#breadcrumb\",\"itemListElement\":[{\"@type\":\"ListItem\",\"position\":1,\"name\":\"Startseite\",\"item\":\"https:\/\/www.gruendach-technik.de\/gdt\/\"},{\"@type\":\"ListItem\",\"position\":2,\"name\":\"Retentions-Dachbegr\u00fcnungen\"}]},{\"@type\":\"WebSite\",\"@id\":\"https:\/\/www.gruendach-technik.de\/gdt\/#website\",\"url\":\"https:\/\/www.gruendach-technik.de\/gdt\/\",\"name\":\"GDT Gr\u00fcndachtechnik GmbH\",\"description\":\"Dachbegr\u00fcnungen, Ihr Partner f\u00fcr gr\u00fcne D\u00e4cher\",\"publisher\":{\"@id\":\"https:\/\/www.gruendach-technik.de\/gdt\/#organization\"},\"alternateName\":\"GDT - Ihr Partner f\u00fcr gr\u00fcne D\u00e4cher\",\"potentialAction\":[{\"@type\":\"SearchAction\",\"target\":{\"@type\":\"EntryPoint\",\"urlTemplate\":\"https:\/\/www.gruendach-technik.de\/gdt\/?s={search_term_string}\"},\"query-input\":\"required name=search_term_string\"}],\"inLanguage\":\"de\"},{\"@type\":\"Organization\",\"@id\":\"https:\/\/www.gruendach-technik.de\/gdt\/#organization\",\"name\":\"GDT Gr\u00fcndachtechnik GmbH\",\"url\":\"https:\/\/www.gruendach-technik.de\/gdt\/\",\"logo\":{\"@type\":\"ImageObject\",\"inLanguage\":\"de\",\"@id\":\"https:\/\/www.gruendach-technik.de\/gdt\/#\/schema\/logo\/image\/\",\"url\":\"https:\/\/www.gruendach-technik.de\/gdt\/wp-content\/uploads\/2024\/01\/GDT-Gruendachtechnik-Ihr-Partner-fuer-gruene-Daecher_3.jpg\",\"contentUrl\":\"https:\/\/www.gruendach-technik.de\/gdt\/wp-content\/uploads\/2024\/01\/GDT-Gruendachtechnik-Ihr-Partner-fuer-gruene-Daecher_3.jpg\",\"width\":1230,\"height\":506,\"caption\":\"GDT Gr\u00fcndachtechnik GmbH\"},\"image\":{\"@id\":\"https:\/\/www.gruendach-technik.de\/gdt\/#\/schema\/logo\/image\/\"}}]}<\/script>\n<!-- \/ Yoast SEO Premium plugin. -->","yoast_head_json":{"title":"Retentions-Dachbegr\u00fcnungen - GDT Gr\u00fcndachtechnik GmbH","robots":{"index":"index","follow":"follow","max-snippet":"max-snippet:-1","max-image-preview":"max-image-preview:large","max-video-preview":"max-video-preview:-1"},"canonical":"https:\/\/www.gruendach-technik.de\/gdt\/retentions-dachbegruenungen\/","og_locale":"de_DE","og_type":"article","og_title":"Retentions-Dachbegr\u00fcnungen","og_description":"Retentions-Dachbegr\u00fcnung Der tempor\u00e4re Wasserspeicher ist bei einer Rententions-Dachbegr\u00fcnung von entscheidender Bedeutung. Insbesondere in st\u00e4dtischen Gebieten stehen wir vor den Herausforderungen der pl\u00f6tzlichen Wassermassen bei Starkregen einerseits und extreme Hitze sowie Trockenheit andererseits. Die Rententions-Dachbegr\u00fcnung bietet durch ihren Schichtaufbau eine ausgezeichnete M\u00f6glichkeit, Wasser vor\u00fcbergehend aufzufangen und zwischenzuspeichern. Gr\u00fcne D\u00e4cher k\u00f6nnen nicht nur die Versiegelung reduzieren, sondern [&hellip;]","og_url":"https:\/\/www.gruendach-technik.de\/gdt\/retentions-dachbegruenungen\/","og_site_name":"GDT Gr\u00fcndachtechnik GmbH","article_modified_time":"2024-07-15T14:57:24+00:00","og_image":[{"url":"https:\/\/www.gruendach-technik.de\/wp4\/wp-content\/uploads\/2024\/03\/bauder_214.jpg"}],"twitter_card":"summary_large_image","twitter_misc":{"Gesch\u00e4tzte Lesezeit":"4\u00a0Minuten"},"schema":{"@context":"https:\/\/schema.org","@graph":[{"@type":"WebPage","@id":"https:\/\/www.gruendach-technik.de\/gdt\/retentions-dachbegruenungen\/","url":"https:\/\/www.gruendach-technik.de\/gdt\/retentions-dachbegruenungen\/","name":"Retentions-Dachbegr\u00fcnungen - GDT Gr\u00fcndachtechnik GmbH","isPartOf":{"@id":"https:\/\/www.gruendach-technik.de\/gdt\/#website"},"datePublished":"2024-03-10T21:07:42+00:00","dateModified":"2024-07-15T14:57:24+00:00","breadcrumb":{"@id":"https:\/\/www.gruendach-technik.de\/gdt\/retentions-dachbegruenungen\/#breadcrumb"},"inLanguage":"de","potentialAction":[{"@type":"ReadAction","target":["https:\/\/www.gruendach-technik.de\/gdt\/retentions-dachbegruenungen\/"]}]},{"@type":"BreadcrumbList","@id":"https:\/\/www.gruendach-technik.de\/gdt\/retentions-dachbegruenungen\/#breadcrumb","itemListElement":[{"@type":"ListItem","position":1,"name":"Startseite","item":"https:\/\/www.gruendach-technik.de\/gdt\/"},{"@type":"ListItem","position":2,"name":"Retentions-Dachbegr\u00fcnungen"}]},{"@type":"WebSite","@id":"https:\/\/www.gruendach-technik.de\/gdt\/#website","url":"https:\/\/www.gruendach-technik.de\/gdt\/","name":"GDT Gr\u00fcndachtechnik GmbH","description":"Dachbegr\u00fcnungen, Ihr Partner f\u00fcr gr\u00fcne D\u00e4cher","publisher":{"@id":"https:\/\/www.gruendach-technik.de\/gdt\/#organization"},"alternateName":"GDT - Ihr Partner f\u00fcr gr\u00fcne D\u00e4cher","potentialAction":[{"@type":"SearchAction","target":{"@type":"EntryPoint","urlTemplate":"https:\/\/www.gruendach-technik.de\/gdt\/?s={search_term_string}"},"query-input":"required name=search_term_string"}],"inLanguage":"de"},{"@type":"Organization","@id":"https:\/\/www.gruendach-technik.de\/gdt\/#organization","name":"GDT Gr\u00fcndachtechnik GmbH","url":"https:\/\/www.gruendach-technik.de\/gdt\/","logo":{"@type":"ImageObject","inLanguage":"de","@id":"https:\/\/www.gruendach-technik.de\/gdt\/#\/schema\/logo\/image\/","url":"https:\/\/www.gruendach-technik.de\/gdt\/wp-content\/uploads\/2024\/01\/GDT-Gruendachtechnik-Ihr-Partner-fuer-gruene-Daecher_3.jpg","contentUrl":"https:\/\/www.gruendach-technik.de\/gdt\/wp-content\/uploads\/2024\/01\/GDT-Gruendachtechnik-Ihr-Partner-fuer-gruene-Daecher_3.jpg","width":1230,"height":506,"caption":"GDT Gr\u00fcndachtechnik GmbH"},"image":{"@id":"https:\/\/www.gruendach-technik.de\/gdt\/#\/schema\/logo\/image\/"}}]}},"_links":{"self":[{"href":"https:\/\/www.gruendach-technik.de\/gdt\/wp-json\/wp\/v2\/pages\/2483","targetHints":{"allow":["GET"]}}],"collection":[{"href":"https:\/\/www.gruendach-technik.de\/gdt\/wp-json\/wp\/v2\/pages"}],"about":[{"href":"https:\/\/www.gruendach-technik.de\/gdt\/wp-json\/wp\/v2\/types\/page"}],"author":[{"embeddable":true,"href":"https:\/\/www.gruendach-technik.de\/gdt\/wp-json\/wp\/v2\/users\/1"}],"replies":[{"embeddable":true,"href":"https:\/\/www.gruendach-technik.de\/gdt\/wp-json\/wp\/v2\/comments?post=2483"}],"version-history":[{"count":1,"href":"https:\/\/www.gruendach-technik.de\/gdt\/wp-json\/wp\/v2\/pages\/2483\/revisions"}],"predecessor-version":[{"id":2940,"href":"https:\/\/www.gruendach-technik.de\/gdt\/wp-json\/wp\/v2\/pages\/2483\/revisions\/2940"}],"wp:attachment":[{"href":"https:\/\/www.gruendach-technik.de\/gdt\/wp-json\/wp\/v2\/media?parent=2483"}],"curies":[{"name":"wp","href":"https:\/\/api.w.org\/{rel}","templated":true}]}}